of 995?
False
Does 84 divide 2963772?
True
Is 103 a factor of 2146211?
True
Does 11 divide 1635576?
False
Does 37 divide 1211646?
False
Is 41 a factor of 142065?
True
Does 63 divide 2510821?
False
Is 343 a factor of 738797?
False
Is 39 a factor of 2872632?
False
Is 8 a factor of 144446?
False
Is 6 a factor of 15372?
True
Does 22 divide 401376?
False
Is 202616 a multiple of 817?
True
Is 35090 a multiple of 145?
True
Is 77 a factor of 52206?
True
Does 245 divide 168690?
False
Is 80469 a multiple of 130?
False
Is 164 a factor of 3811524?
True
Is 26424 a multiple of 12?
True
Is 15 a factor of 32700?
True
Is 16 a factor of 6741?
False
Is 14 a factor of 66976?
True
Is 12179517 a multiple of 17?
False
Is 20 a factor of 1435612?
False
Does 7 divide 49769?
False
Does 55 divide 509685?
True
Is 627650 a multiple of 50?
True
Does 8 divide 7656?
True
Does 6 divide 206394?
True
Is 8 a factor of 56644?
False
Does 19 divide 5992542?
False
Does 3 divide 506451?
True
Is 117432 a multiple of 8?
True
Is 94 a factor of 2394086?
True
Is 73 a factor of 66695?
False
Does 4 divide 9776?
True
Does 158 divide 4854392?
True
Is 360209 a multiple of 415?
False
Does 49 divide 11556436?
False
Does 90 divide 53438?
False
Is 101822 a multiple of 14?
True
Is 19494204 a multiple of 142?
False
Is 8 a factor of 5491810?
False
Does 60 divide 1931964?
False
Does 82 divide 551178?
False
Is 163987 a multiple of 401?
False
Is 122 a factor of 2728408?
True
Is 14 a factor of 1485421?
False
Is 335408 a multiple of 8?
True
Is 400 a factor of 2974800?
True
Does 21 divide 147009?
False
Is 6 a factor of 259614?
True
Is 22 a factor of 2050334?
True
Does 73 divide 53801?
True
Does 27 divide 6784040?
False
Does 390 divide 325026?
False
Is 53 a factor of 413824?
True
Does 21 divide 126735?
True
Is 42444 a multiple of 24?
False
Is 1862058 a multiple of 89?
True
Is 43 a factor of 14849?
False
Does 212 divide 5098388?
True
Is 51956 a multiple of 139?
False
Is 114832 a multiple of 16?
True
Does 37 divide 106449?
True
Is 39 a factor of 733278?
True
Is 13 a factor of 127322?
True
Does 103 divide 159444?
True
Is 239 a factor of 912980?
True
Does 7 divide 232183?
True
Is 36 a factor of 949862?
False
Is 546 a factor of 217133?
False
Is 1046 a factor of 5658589?
False
Is 291831 a multiple of 86?
False
Is 138684 a multiple of 42?
True
Is 13530375 a multiple of 15?
True
Does 5 divide 6400110?
True
Does 66 divide 10368138?
True
Is 12 a factor of 1012218?
False
Is 1380975 a multiple of 25?
True
Is 43999 a multiple of 42?
False
Is 39 a factor of 110043?
False
Is 13 a factor of 702542?
False
Is 16 a factor of 1367568?
True
Is 211 a factor of 9745246?
True
Is 45 a factor of 707760?
True
Is 571441 a multiple of 389?
True
Is 119 a factor of 640808?
False
Is 67 a factor of 473422?
True
Is 3487886 a multiple of 134?
True
Is 306117 a multiple of 3?
True
Is 261840 a multiple of 10?
True
Does 176 divide 677248?
True
Does 135 divide 299235?
False
Does 192 divide 1194653?
False
Is 781140 a multiple of 831?
True
Is 78 a factor of 988182?
True
Does 43 divide 239327?
False
Is 5464784 a multiple of 1118?
True
Is 77 a factor of 635007?
False
Is 269630 a multiple of 295?
True
Is 14 a factor of 1840477?
False
Is 2723952 a multiple of 242?
True
Is 13 a factor of 334247?
False
Is 3390903 a multiple of 81?
True
Does 33 divide 831027?
False
Is 318450 a multiple of 330?
True
Does 422 divide 6594982?
False
Is 11 a factor of 1224410?
True
Does 28 divide 75208?
True
Is 12 a factor of 13536?
True
Is 26316 a multiple of 153?
True
Is 14119376 a multiple of 112?
False
Does 12 divide 2852770?
False
Is 7519500 a multiple of 300?
True
Is 506919 a multiple of 101?
True
Is 93 a factor of 2930058?
True
Is 512 a factor of 271872?
True
Does 36 divide 6953225?
False
Does 971 divide 3214571?
False
Does 740 divide 467151?
False
Does 104 divide 829746?
False
Is 111 a factor of 8228585?
False
Does 117 divide 38493?
True
Does 148 divide 53721?
False
Is 2919329 a multiple of 60?
False
Does 116 divide 127600?
True
Is 1531734 a multiple of 23?
False
Is 1277280 a multiple of 30?
True
Is 677904 a multiple of 13?
False
Is 139 a factor of 63523?
True
Is 1102305 a multiple of 104?
False
Is 534488 a multiple of 10?
False
Does 640 divide 204076?
False
Does 2 divide 31043?
False
Does 29 divide 135399?
False
Does 20 divide 37308?
False
Is 12 a factor of 1048657?
False
Is 608944 a multiple of 14?
True
Does 178 divide 15202330?
False
Is 272620 a multiple of 206?
False
Is 132 a factor of 2206908?
True
Does 65 divide 41774?
False
Does 24 divide 169904?
False
Is 8 a factor of 698728?
True
Is 21 a factor of 516264?
True
Is 3060160 a multiple of 37?
False
Is 6529684 a multiple of 61?
True
Is 448978 a multiple of 10?
False
Is 136 a factor of 30294?
False
Is 264 a factor of 5614752?
True
Is 7838 a multiple of 10?
False
Is 442948 a multiple of 81?
False
Does 35 divide 116972?
False
Does 2 divide 16673?
False
Does 2 divide 1850?
True
Does 114 divide 32014632?
False
Is 8605770 a multiple of 1071?
False
Is 53 a factor of 3438?
False
Is 71 a factor of 89460?
True
Is 229305 a multiple of 6?
False
Is 55 a factor of 81455?
True
Does 38 divide 342000?
True
Is 36 a factor of 3379896?
True
Is 10192394 a multiple of 239?
True
Does 48 divide 506001?
False
Does 221 divide 3415902?
False
Is 214150 a multiple of 50?
True
Is 137 a factor of 528073?
False
Is 19 a factor of 290890?
True
Does 227 divide 255434?
False
Is 6826050 a multiple of 450?
True
Does 17 divide 3646956?
False
Does 30 divide 2556060?
True
Is 66786 a multiple of 6?
True
Does 42 divide 2427557?
False
Is 34 a factor of 36414?
True
Is 21 a factor of 754762?
False
Does 12 divide 7127?
False
Is 1559 a factor of 219819?
True
Is 396955 a multiple of 13?
True
Does 30 divide 744363?
False
Does 84 divide 1557388?
False
Does 18 divide 307583?
False
Is 595 a factor of 6215370?
True
Does 100 divide 418600?
True
Is 21 a factor of 29947?
False
Is 1855308 a multiple of 546?
True
Is 26954 a multiple of 3?
False
Is 189010 a multiple of 23?
False
Does 128 divide 339054?
False
Does 2170 divide 15146331?
False
Is 1116920 a multiple of 28?
True
Does 5 divide 61045?
True
Is 43 a factor of 172516?
True
Does 6 divide 19613?
False
Is 182244 a multiple of 6?
True
Does 62 divide 223510?
True
Is 3457440 a multiple of 14?
True
Is 14 a factor of 352741?
False
Is 8 a factor of 594504?
True
Does 1289 divide 3525945?
False
Does 425 divide 6160800?
True
Is 30 a factor of 50350?
False
Is 144902 a multiple of 145?
False
Does 110 divide 17710?
True
Is 171 a factor of 2863224?
True
Is 146619 a multiple of 42?
False
Is 5 a factor of 260355?
True
Is 166624 a multiple of 32?
True
Is 22 a factor of 305778?
True
Is 32 a factor of 47062?
False
Is 58 a factor of 13735386?
True
Is 1328481 a multiple of 7?
True
Is 29 a factor of 8229646?
False
Does 83 divide 9663429?
False
Is 21 a factor of 257082?
True
Is 13576 a multiple of 12?
False
Is 4090912 a multiple of 16?
True
Does 20 divide 5171250?
False
Is 50 a factor of 1407550?
True
Is 43 a factor of 97354?
False
Does 207 divide 1153404?
True
Is 193787 a multiple of 5?
False
Does 398 divide 127011?
False
Is 600 a factor of 350703?
False
Is 123150 a multiple of 10?
True
Does 126 divide 71190?
True
Is 3487015 a multiple of 335?
True
Is 1529827 a multiple of 4?
False
Is 47 a factor of 190162?
True
Is 228564 a multiple of 7?
True
Is 278790 a multiple of 5?
True
Is 532494 a multiple of 9?
True
Does 21 divide 2052708?
True
Is 2326263 a multiple of 17?
True
Is 31 a factor of 2751653?
True
Is 15 a factor of 1068690?
True
Does 10 divide 11510?
True
Does 164 divide 149568?
True
Is 2231616 a multiple of 236?
True
Is 193 a factor of 81060?
True
Is 167356 a multiple of 7?
True
Is 19 a factor of 6270853?
False
Does 11 divide 15952711?
False
Is 129 a factor of 2983851?
False
Does 63 divide 5227929?
True
Is 101 a factor of 566105?
True
Is 686546 a multiple of 406?
True
Is 8 a factor of 146007?
False
Is 24 a factor of 1837984?
False
Is 190960 a multiple of 62?
True
Does 7 divide 180729?
False
Is 552144 a multiple of 28?
False
Is 289564 a multiple of 124?
False
Does 243 divide 670228?
False
Is 15 a factor of 220859?
False
Does 63 divide 66087?
True
Is 109 a factor of 5543304?
True
Is 977526 a multiple of 9?
True
Is 907180 a multiple of 5